10121111121
What is 4103225 (base 6) in base 13?
6aa87
Convert -101100001011010 (base 2) to base 11.
-15aa2
What is -31116255 (base 7) in base 15?
-36838c
Convert 63cc7 (base 14) to base 2.
111010111001100111
1010110101101101101 (base 2) to base 9
601185
Convert 662103 (base 9) to base 7.
3234123
What is -417bb1 (base 14) in base 15?
-2da2a6
-31322120 (base 4) to base 2
-1101111010011000
What is -b155 (base 13) in base 14?
-8c74
What is -10010011011110111110 (base 2) in base 8?
-2233676
-2243718 (base 9) to base 16
-12768b
107035 (base 11) to base 4
221212212
-11053334 (base 8) to base 16
-2456dc
What is 554707 (base 9) in base 10?
331540
What is -1420550 (base 6) in base 11?
-55589
What is -100110100000111000010 (base 2) in base 7?
-13504232
-13364014 (base 7) to base 3
-2100010122221
What is 22202221022 (base 3) in base 13?
60809
Convert bb607 (base 13) to base 8.
1226637
What is -23224021 (base 5) in base 9?
-351555
-18853 (base 11) to base 16
-66cb
Convert 124021401 (base 5) to base 13.
185067
1011202222020 (base 3) to base 4
2120230311
-1716 (base 11) to base 3
-10000022
What is -10012122210112 (base 3) in base 2?
-110100000011011110000
What is 569088 (base 16) in base 10?
5673096
2158055 (base 11) to base 13
a28293
What is 14243512 (base 6) in base 15?
99972
Convert 2b7f1 (base 16) to base 11.
111945
-231a0 (base 13) to base 4
-33220030
What is 176069 (base 11) in base 10?
271599
-115244021 (base 6) to base 8
-10345055
What is -13045345 (base 7) in base 13?
-32796a
Convert 5448947 (base 10) to base 12.
19a93ab
Convert -32121234 (base 7) to base 6.
-134245350
-11111011111001111010 (base 2) to base 11
-645232
-24451430 (base 8) to base 13
-116b953
100100101010100001010010 (base 2) to base 13
1cb69b4
-212230132 (base 4) to base 16
-26b1e
11122002210021 (base 3) to base 6
124440011
Convert -aa89 (base 11) to base 4.
-3210121
What is 10101100000111110 (base 2) in base 8?
254076
-1285152 (base 11) to base 4
-20131122120
-2384d (base 14) to base 8
-251255
Convert 5a2155 (base 11) to base 12.
3a0464
22041042 (base 5) to base 3
100122211111
Convert -21200111002012 (base 3) to base 2.
-1111100101000011001101
What is 2665828 (base 14) in base 2?
1000110101100010111111100
Convert 2216322 (base 7) to base 6.
5510210
131412015 (base 6) to base 13
6ccc32
What is 1111433112 (base 5) in base 13?
67b271
Convert -17d085 (base 14) to base 8.
-3155435
What is -4636253 (base 7) in base 6?
-20241015
What is -101300021 (base 4) in base 2?
-10001110000001001
Convert -2b8b0 (base 15) to base 11.
-96492
410484 (base 11) to base 2
10100000111111011101
What is 101446b (base 12) in base 15?
3e81cb
3130210332 (base 4) to base 8
3344476
What is 1321202322 (base 4) in base 13?
1457b2
2202026 (base 10) to base 5
1030431101
What is 2215724 (base 8) in base 2?
10010001101111010100
What is 86597 (base 10) in base 8?
251105
What is 1131441 (base 5) in base 8?
50607
What is -caac64 (base 13) in base 8?
-22133026
Convert 117000 (base 9) to base 4.
101100321
What is -a85253 (base 12) in base 9?
-5008200
Convert 111200322 (base 4) to base 11.
60231
Convert -e8a04 (base 15) to base 5.
-142104004
-34444443 (base 5) to base 4
-1030102302
What is 1577c (base 16) in base 3?
11110121202
Convert 210ccc7 (base 13) to base 16.
99675a
330401 (base 7) to base 6
1123405
405501 (base 6) to base 4
13321231
50050421 (base 6) to base 7
14645023
Convert -10221100 (base 4) to base 10.
-19024
What is -2180580 (base 9) in base 10?
-1174896
What is -89846a3 (base 11) in base 14?
-213c0bc
-3255467 (base 10) to base 7
-36446105
-573536 (base 11) to base 9
-1640484
What is -1217925 (base 10) in base 2?
-100101001010110000101
Convert -17a4434 (base 11) to base 7.
-34635356
Convert 11001011010000011101000 (base 2) to base 10.
6660328
What is -58c60 (base 15) in base 6?
-10021443
-9bb315 (base 12) to base 15
-341d7b
Convert -112121012101112 (base 3) to base 8.
-35462267
What is -64335 (base 11) in base 5?
-10443241
468246 (base 11) to base 10
742990
Convert -20243421 (base 5) to base 8.
-503156
300201333223 (base 4) to base 12
4316437
What is -10413552 (base 7) in base 3?
-1200110000000
-12277 (base 8) to base 2
-1010010111111
What is -2153007 (base 8) in base 13?
-173767
What is -14262330 (base 7) in base 16?
-147e25
Convert 426643 (base 16) to base 10.
4351555
Convert -2c2d (base 16) to base 4.
-2300231
What is -87269 (base 16) in base 4?
-2013021221
Convert -86381 (base 9) to base 4.
-31331122
5a31a (base 11) to base 4
111031303
What is -2108900 (base 12) in base 9?
-12654060
12265c (base 15) to base 2
11010100000111001100
-b9fea (base 16) to base 5
-143334314
What is -307529 (base 12) in base 11?
-479564
102323213 (base 4) to base 7
442034
What is 542125534 (base 6) in base 11?
5482818
-8192910 (base 10) to base 4
-133100032032
407100 (base 8) to base 7
1100525
Convert -1250203 (base 7) to base 8.
-477051
Convert b2790 (base 16) to base 11.
45a258
What is -132b9 (base 15) in base 3?
-10010012010
-2101432 (base 5) to base 11
-24010
Convert 44016522 (base 8) to base 14.
137bd2a
What is -5522b5 (base 14) in base 8?
-13007107
What is 23231021 (base 5) in base 3?
101201222010
111000101010000000010000 (base 2) to base 14
1d88812
What is -296669 (base 11) in base 13?
-132781
What is -188263 (base 10) in base 16?
-2df67
Convert 307446 (base 9) to base 4.
230211120
-27196 (base 16) to base 7
-1234624
145451534 (base 6) to base 3
12210000010111
Convert -36621a7 (base 11) to base 15.
-85cdc5
Convert 1811764 (base 11) to base 12.
104470a
100101100011010001 (base 2) to base 7
1210265
4255561 (base 12) to base 6
1125031401
What is 9c1870 (base 13) in base 3?
20221100222221
Convert 100000110001010000 (base 2) to base 4.
200301100
What is -57679a (base 13) in base 15?
-2ad8de
395833 (base 10) to base 13
10b229
What is 52154 (base 7) in base 10?
12779
Convert -1233514242 (base 6) to base 2.
-110111001001101111110010
100111010001100011110 (base 2) to base 11
7a9998
What is -12403300 (base 5) in base 3?
-20012210120
What is 1536315 (base 7) in base 10?
211104
Convert -13411001 (base 5) to base 2.
-100001110000001011
Convert -95161 (base 14) to base 4.
-1113311001
-5055a (base 11) to base 2
-10010000010010011
What is -22664762 (base 9) in base 13?
-2390894
What is 5343333 (base 6) in base 12?
107b49
Convert -8b325e (base 16) to base 11.
-517087a
What is 12222343 (base 5) in base 10?
117223
Convert -10101011111111001100 (base 2) to base 16.
-abfcc
Convert 350306 (base 7) to base 6.
1201415
Convert -688518 (base 13) to base 4.
-21130023000
c66a53 (base 13) to base 5
2142014242
Convert 5840667 (base 11) to base 13.
2164304
What is 121673d (base 14) in base 2?
100001000010100111110011
Convert -a5ceb6 (base 15) to base 14.
-1095892
What is 127741 (base 10) in base 9?
214204
-2204203 (base 6) to base 13
-3ac95
-22030100131 (base 4) to base 10
-2671645
What is -46544 (base 7) in base 8?
-27243
What is 235442121 (base 6) in base 4?
101003011201
Convert -9019 (base 14) to base 10.
-24719
Convert -1232002540 (base 6) to base 2.
-110110110100011101111100
-2722707 (base 9) to base 2
-101101100000110110011
-483479 (base 10) to base 4
-1312002113
What is -5041152 (base 6) in base 10?
-238748
-16535463 (base 8) to base 4
-32223230303
-627025 (base 9) to base 6
-11552422
8dd70b (base 16) to base 10
9295627
Convert -1008462 (base 10) to base 12.
-407726
Convert 711262 (base 15) to base 4.
110133010313
-255418 (base 9) to base 15
-30d5e
-1470483 (base 10) to base 5
-334023413
Convert -516207 (base 12) to base 10.
-1275559
Convert -22251 (base 8) to base 12.
-5521
What is -5302244 (base 6) in base 10?
-257140
What is 1134420243 (base 5) in base 14?
4d1516
What is -2101aaa (base 11) in base 15?
-4d34c4
110012112222222 (base 3) to base 6
351010425
Convert -51a279 (base 11) to base 5.
-203133114
1000011110 (base 2) to base 15
262
Convert 250373 (base 10) to base 13.
89c66
What is -237234 (base 8) in base 10?
-81564
What is -4520665 (base 7) in base 15?
-b0cd4
What is -110431012 (base 5) in base 10?
-483257
Convert -6334ba (base 14) to base 16.
-33234c
Convert 2123203310 (base 4) to base 14.
1282c4
-1517f (base 16) to base 15
-1a8ee
-1041326 (base 7) to base 12
-61b2b
211101220011 (base 3) to base 15
8a9cd
What is -a2141 (base 11) in base